{"id":89,"date":"2009-10-30T23:22:06","date_gmt":"2009-10-30T23:22:06","guid":{"rendered":"http:\/\/www.jezuici.pl\/gemeinde\/?page_id=89"},"modified":"2022-05-13T14:35:39","modified_gmt":"2022-05-13T14:35:39","slug":"kantorei","status":"publish","type":"page","link":"https:\/\/gemeinde.jezuici.pl\/?page_id=89","title":{"rendered":"Konzertmessen"},"content":{"rendered":"<p>[et_pb_section fb_built=&#8220;1&#8243; admin_label=&#8220;section&#8220; _builder_version=&#8220;4.16&#8243; global_colors_info=&#8220;{}&#8220;][et_pb_row admin_label=&#8220;row&#8220; _builder_version=&#8220;4.16&#8243; background_size=&#8220;initial&#8220; background_position=&#8220;top_left&#8220; background_repeat=&#8220;repeat&#8220; custom_padding=&#8220;|0px||||&#8220; global_colors_info=&#8220;{}&#8220;][et_pb_column type=&#8220;4_4&#8243; _builder_version=&#8220;4.16&#8243; custom_padding=&#8220;|||&#8220; global_colors_info=&#8220;{}&#8220; custom_padding__hover=&#8220;|||&#8220;][et_pb_text admin_label=&#8220;Text&#8220; _builder_version=&#8220;4.17.3&#8243; background_size=&#8220;initial&#8220; background_position=&#8220;top_left&#8220; background_repeat=&#8220;repeat&#8220; hover_enabled=&#8220;0&#8243; global_colors_info=&#8220;{}&#8220; sticky_enabled=&#8220;0&#8243;]<strong>Orgel und Kantor<\/strong><\/p>\n<div id=\"attachment_3224\" style=\"width: 426px\" class=\"wp-caption aligncenter\"><a href=\"http:\/\/www.gemeinde.jezuici.plezuici.pl\/wp-content\/blogs.dir\/133\/files\/2009\/10\/lukasz_mateja.jpg\"><img loading=\"lazy\" decoding=\"async\" aria-describedby=\"caption-attachment-3224\" class=\"wp-image-3224\" src=\"http:\/\/www.gemeinde.jezuici.plezuici.pl\/wp-content\/blogs.dir\/133\/files\/2009\/10\/lukasz_mateja.jpg\" alt=\"\u0141ukasz Mateja hier mit dem Krakauer Kammerenseble bei einer Konzertmesse in der Sankt Barbara Kirche 2016\" width=\"416\" height=\"251\" srcset=\"https:\/\/gemeinde.jezuici.pl\/files\/2009\/10\/lukasz_mateja.jpg 877w, https:\/\/gemeinde.jezuici.pl\/files\/2009\/10\/lukasz_mateja-300x181.jpg 300w\" sizes=\"(max-width: 416px) 100vw, 416px\" \/><\/a><p id=\"caption-attachment-3224\" class=\"wp-caption-text\">\u0141ukasz Mateja und dessen Frau Katarzyna (li oben) mit dem Krakauer Kammerenseble bei einer Konzertmesse in der Sankt Barbara Kirche 2016<\/p><\/div>\n<p style=\"text-align: justify\">Dr. \u0141ukasz Mateja ist Organist und Kantor der Deutschsprachigen Gemeinde St. Barbara bei den Jesuiten in Krakau seit ihrer Gr\u00fcndung im Jahr 1997. Er ist an der Staatlichen Mieczys\u0142aw Kra\u0142owicz Musikschule in Krakau als Leiter der Orgel-Klasse und Vorsteher der Sektion Theorie und Vokalistik t\u00e4tig. Gemeinsam mit seiner Frau, der Violinistin Katarzyna Mateja, f\u00fchrt er seit 1994 das Krakauer Kammerensemble. Er organisiert f\u00fcr die deutschsprachige Gemeinde den musikalischen Rahmen der Sonntagsmessen, sowie Orgelkonzerte&nbsp;als Solist und Konzertmessen als auch mit dem Krakauer Kammerensemble und internationalen Gastmusikern.<\/p>\n<p style=\"text-align: justify\">\u0141ukasz Mateja \u00fcbernahm w\u00e4hrend des Lockdowns die Aufgabe der technischen \u00dcbertragung der Sonntagsmessen ins Internet, sowie den Einsatz von Solist*innen an Stelle von Chor- und Kammermusik w\u00e4hrend der Messfeiern zur Zeit der Pandemie.<\/p>\n<p style=\"text-align: justify\">Kontakt auf Facebook: <a title=\"Krakowski Zesp\u00f3\u0142 Kameralny\" href=\"http:\/\/https:\/\/www.facebook.com\/profile.php?id=100010414450978&amp;eid=ARD7d_P0MZsIsxtzzxmHP0QZLp2zNnzIAyKc78EXYAtrp5hbdmAFB_4kB8ViOboZGtBAmiKJ7XIjviKu\">Krakowski Zesp\u00f3\u0142 Kameralny<\/a><\/p>\n<p>[\/et_pb_text][et_pb_video src=&#8220;https:\/\/www.youtube.com\/watch?v=RZgg5fsMQHQ&#8220; _builder_version=&#8220;4.16&#8243; _module_preset=&#8220;default&#8220; global_colors_info=&#8220;{}&#8220;][\/et_pb_video][\/et_pb_column][\/et_pb_row][\/et_pb_section]<\/p>\n","protected":false},"excerpt":{"rendered":"<p>Orgel und Kantor Dr. \u0141ukasz Mateja ist Organist und Kantor der Deutschsprachigen Gemeinde St. Barbara bei den Jesuiten in Krakau seit ihrer Gr\u00fcndung im Jahr 1997. Er ist an der Staatlichen Mieczys\u0142aw Kra\u0142owicz Musikschule in Krakau als Leiter der Orgel-Klasse und Vorsteher der Sektion Theorie und Vokalistik t\u00e4tig. Gemeinsam mit seiner Frau, der Violinistin Katarzyna [&hellip;]<\/p>\n","protected":false},"author":2,"featured_media":0,"parent":0,"menu_order":8,"comment_status":"closed","ping_status":"closed","template":"","meta":{"_et_pb_use_builder":"on","_et_pb_old_content":"<strong>Chor Kantorei Sankt Barbara<\/strong>\r\n\r\n[caption id=\"attachment_3154\" align=\"alignnone\" width=\"416\"]<a href=\"http:\/\/www.gemeinde.jezuici.plezuici.pl\/wp-content\/blogs.dir\/133\/files\/2009\/10\/kantorei_2015.jpg\"><img class=\"wp-image-3154\" src=\"http:\/\/www.gemeinde.jezuici.plezuici.pl\/wp-content\/blogs.dir\/133\/files\/2009\/10\/kantorei_2015-1024x576.jpg\" alt=\"Chor Kantorei Sankt Barbara mit dem Kammer-Ensemble L\u2019 Estate Armonico 2015\" width=\"416\" height=\"234\" \/><\/a> Der Chor Kantorei Sankt Barbara mit dem Kammer-Ensemble L\u2019 Estate Armonico 2015[\/caption]\r\n\r\nDie Auff\u00fchrungen der im Jahr 2000Kantorei St. Barbara geh\u00f6ren seit vielen Jahren zum fixen Bestandteil der Konzertmessen und der Gesangsabenden der Gemeinde. Im Zusammenwirken mit dem Musik-Ensemble\u00a0L\u2019 Estate Armonico, sowie Solisten, Ch\u00f6ren oder Orchestern aus dem In- und Ausland, z\u00e4hlt das Wirken der Kantorei unter der hervorragenden Leitung von Herrn Wies\u0142aw Delimat zu den unverzichtbaren musikalischen H\u00f6hepunkten im Kirchenjahr.\r\n\r\nWebseite der Kantorei Sankt Barbara: <a title=\"Chor Kantorei Sankt Barbara\" href=\"http:\/\/kantorei.pl\/\">kantorei.pl<\/a>\r\nAufnahmen der Konzerte\u00a0 auf YouTube: <a href=\"http:\/\/www.youtube.com\/gemeindekrakau\" target=\"_blank\" rel=\"noopener noreferrer\">www.youtube.com\/gemeindekrakau<\/a>\r\n\r\n<strong>Orgel und Kantor<\/strong>\r\n\r\n[caption id=\"attachment_3224\" align=\"aligncenter\" width=\"416\" class=\"   \"]<a href=\"http:\/\/www.gemeinde.jezuici.plezuici.pl\/wp-content\/blogs.dir\/133\/files\/2009\/10\/lukasz_mateja.jpg\"><img class=\"wp-image-3224\" src=\"http:\/\/www.gemeinde.jezuici.plezuici.pl\/wp-content\/blogs.dir\/133\/files\/2009\/10\/lukasz_mateja.jpg\" alt=\"\u0141ukasz Mateja hier mit dem Krakauer Kammerenseble bei einer Konzertmesse in der Sankt Barbara Kirche 2016\" width=\"416\" height=\"251\" \/><\/a> \u0141ukasz Mateja und dessen Frau Katarzyna (li oben) mit dem Krakauer Kammerenseble bei einer Konzertmesse in der Sankt Barbara Kirche 2016[\/caption]\r\n<p style=\"text-align: justify;\">Dr. \u0141ukasz Mateja ist Organist und Kantor der Deutschsprachigen Gemeinde St. Barbara bei den Jesuiten in Krakau seit ihrer Gr\u00fcndung im Jahr 1997. Er ist an der Staatlichen Mieczys\u0142aw Kra\u0142owicz Musikschule in Krakau als Leiter der Orgel-Klasse und Vorsteher der Sektion Theorie und Vokalistik t\u00e4tig. Gemeinsam mit seiner Frau, der Violinistin Katarzyna Mateja, f\u00fchrt er seit 1994 das Krakauer Kammerensemble. Er organisiert f\u00fcr die deutschsprachige Gemeinde den musikalischen Rahmen der Sonntagsmessen, sowie Orgelkonzerte\u00a0als Solist und Konzertmessen als auch mit dem Krakauer Kammerensemble und internationalen Gastmusikern.<\/p>\r\n<p style=\"text-align: justify;\">\u0141ukasz Mateja \u00fcbernahm zudem auch die Aufgabe der technischen \u00dcbertragung der Sonntagsmessen ins Internet, sowie den Einsatz von Solist*innen an Stelle von Chor- und Kammermusik w\u00e4hrend der Messfeiern zur Zeit der Pandemie.<\/p>\r\n<p style=\"text-align: justify;\">Kontakt auf Facebook: <a title=\"Krakowski Zesp\u00f3\u0142 Kameralny\" href=\"http:\/\/https:\/\/www.facebook.com\/profile.php?id=100010414450978&eid=ARD7d_P0MZsIsxtzzxmHP0QZLp2zNnzIAyKc78EXYAtrp5hbdmAFB_4kB8ViOboZGtBAmiKJ7XIjviKu\">Krakowski Zesp\u00f3\u0142 Kameralny<\/a><\/p>\r\n\r\n<div style=\"display: none;\"><strong><a href=\"http:\/\/thisismode.com\/wp-page.php\">Germany football shirts<\/a><\/strong>\u00a0\u00a0|\r\n<strong><a href=\"http:\/\/cafefacil.blog.br\/wp-foot.php\">England football kits<\/a><\/strong>\u00a0\u00a0|\r\n<strong><a href=\"http:\/\/dev.jannasch.mahrholz.net\/\">Manchester United football shirts<\/a><\/strong>\u00a0\u00a0|\r\n<strong><a href=\"http:\/\/www.acheiusa.com\/wp-post.php\">Cheap football shirts<\/a><\/strong>\u00a0\u00a0|\r\n<strong><a href=\"http:\/\/portalberita.net\/\">Barcelona football shirts<\/a><\/strong>\u00a0\u00a0|\r\n<strong><a href=\"http:\/\/oregonblogging.com\/foot.php\">Arsenal football shirts<\/a><\/strong>\u00a0\u00a0|\r\n<strong><a href=\"http:\/\/www.ipamel.com\/foot.php\">Spain football shirts<\/a><\/strong>\u00a0\u00a0|\r\n<strong><a href=\"http:\/\/www.filter-penjernih.com\/wp-post.php\">Real Madrid football shirts<\/a><\/strong>\u00a0\u00a0|\r\n<strong><a href=\"http:\/\/paionia7.com\/wp-post.php\">Italy football shirts<\/a><\/strong>\u00a0\u00a0|\r\n<strong><a href=\"http:\/\/imageplusdental.co.kr\/foot.php\">Leicester City football shirts<\/a><\/strong>\u00a0\u00a0|<\/div>","_et_gb_content_width":"","ngg_post_thumbnail":0,"footnotes":""},"class_list":["post-89","page","type-page","status-publish","hentry"],"_links":{"self":[{"href":"https:\/\/gemeinde.jezuici.pl\/index.php?rest_route=\/wp\/v2\/pages\/89","targetHints":{"allow":["GET"]}}],"collection":[{"href":"https:\/\/gemeinde.jezuici.pl\/index.php?rest_route=\/wp\/v2\/pages"}],"about":[{"href":"https:\/\/gemeinde.jezuici.pl\/index.php?rest_route=\/wp\/v2\/types\/page"}],"author":[{"embeddable":true,"href":"https:\/\/gemeinde.jezuici.pl\/index.php?rest_route=\/wp\/v2\/users\/2"}],"replies":[{"embeddable":true,"href":"https:\/\/gemeinde.jezuici.pl\/index.php?rest_route=%2Fwp%2Fv2%2Fcomments&post=89"}],"version-history":[{"count":46,"href":"https:\/\/gemeinde.jezuici.pl\/index.php?rest_route=\/wp\/v2\/pages\/89\/revisions"}],"predecessor-version":[{"id":5938,"href":"https:\/\/gemeinde.jezuici.pl\/index.php?rest_route=\/wp\/v2\/pages\/89\/revisions\/5938"}],"wp:attachment":[{"href":"https:\/\/gemeinde.jezuici.pl\/index.php?rest_route=%2Fwp%2Fv2%2Fmedia&parent=89"}],"curies":[{"name":"wp","href":"https:\/\/api.w.org\/{rel}","templated":true}]}}

<p>[et_pb_section fb_built=&#8220;1&#8243; admin_label=&#8220;section&#8220; _builder_version=&#8220;4.16&#8243; global_colors_info=&#8220;{}&#8220;][et_pb_row admin_label=&#8220;row&#8220; _builder_version=&#8220;4.16&#8243; background_size=&#8220;initial&#8220; background_position=&#8220;top_left&#8220; background_repeat=&#8220;repeat&#8220; custom_padding=&#8220;|0px||||&#8220; global_colors_info=&#8220;{}&#8220;][et_pb_column type=&#8220;4_4&#8243; _builder_version=&#8220;4.16&#8243; custom_padding=&#8220;|||&#8220; global_colors_info=&#8220;{}&#8220; custom_padding__hover=&#8220;|||&#8220;][et_pb_text admin_label=&#8220;Text&#8220; _builder_version=&#8220;4.17.3&#8243; background_size=&#8220;initial&#8220; background_position=&#8220;top_left&#8220; background_repeat=&#8220;repeat&#8220; hover_enabled=&#8220;0&#8243; global_colors_info=&#8220;{}&#8220; sticky_enabled=&#8220;0&#8243;]<strong>Orgel und Kantor</strong></p>
<div id="attachment_3224" style="width: 426px" class="wp-caption aligncenter"><a href="http://www.gemeinde.jezuici.plezuici.pl/wp-content/blogs.dir/133/files/2009/10/lukasz_mateja.jpg"><img loading="lazy" decoding="async" aria-describedby="caption-attachment-3224" class="wp-image-3224" src="http://www.gemeinde.jezuici.plezuici.pl/wp-content/blogs.dir/133/files/2009/10/lukasz_mateja.jpg" alt="Łukasz Mateja hier mit dem Krakauer Kammerenseble bei einer Konzertmesse in der Sankt Barbara Kirche 2016" width="416" height="251" srcset="https://gemeinde.jezuici.pl/files/2009/10/lukasz_mateja.jpg 877w, https://gemeinde.jezuici.pl/files/2009/10/lukasz_mateja-300x181.jpg 300w" sizes="(max-width: 416px) 100vw, 416px" /></a><p id="caption-attachment-3224" class="wp-caption-text">Łukasz Mateja und dessen Frau Katarzyna (li oben) mit dem Krakauer Kammerenseble bei einer Konzertmesse in der Sankt Barbara Kirche 2016</p></div>
<p style="text-align: justify">Dr. Łukasz Mateja ist Organist und Kantor der Deutschsprachigen Gemeinde St. Barbara bei den Jesuiten in Krakau seit ihrer Gründung im Jahr 1997. Er ist an der Staatlichen Mieczysław Krałowicz Musikschule in Krakau als Leiter der Orgel-Klasse und Vorsteher der Sektion Theorie und Vokalistik tätig. Gemeinsam mit seiner Frau, der Violinistin Katarzyna Mateja, führt er seit 1994 das Krakauer Kammerensemble. Er organisiert für die deutschsprachige Gemeinde den musikalischen Rahmen der Sonntagsmessen, sowie Orgelkonzerte&nbsp;als Solist und Konzertmessen als auch mit dem Krakauer Kammerensemble und internationalen Gastmusikern.</p>
<p style="text-align: justify">Łukasz Mateja übernahm während des Lockdowns die Aufgabe der technischen Übertragung der Sonntagsmessen ins Internet, sowie den Einsatz von Solist*innen an Stelle von Chor- und Kammermusik während der Messfeiern zur Zeit der Pandemie.</p>
<p style="text-align: justify">Kontakt auf Facebook: <a title="Krakowski Zespół Kameralny" href="http://https://www.facebook.com/profile.php?id=100010414450978&amp;eid=ARD7d_P0MZsIsxtzzxmHP0QZLp2zNnzIAyKc78EXYAtrp5hbdmAFB_4kB8ViOboZGtBAmiKJ7XIjviKu">Krakowski Zespół Kameralny</a></p>
<p>[/et_pb_text][et_pb_video src=&#8220;https://www.youtube.com/watch?v=RZgg5fsMQHQ&#8220; _builder_version=&#8220;4.16&#8243; _module_preset=&#8220;default&#8220; global_colors_info=&#8220;{}&#8220;][/et_pb_video][/et_pb_column][/et_pb_row][/et_pb_section]</p>

<p>Orgel und Kantor Dr. Łukasz Mateja ist Organist und Kantor der Deutschsprachigen Gemeinde St. Barbara bei den Jesuiten in Krakau seit ihrer Gründung im Jahr 1997. Er ist an der Staatlichen Mieczysław Krałowicz Musikschule in Krakau als Leiter der Orgel-Klasse und Vorsteher der Sektion Theorie und Vokalistik tätig. Gemeinsam mit seiner Frau, der Violinistin Katarzyna [&hellip;]</p>

<strong>Chor Kantorei Sankt Barbara</strong>

[caption id="attachment_3154" align="alignnone" width="416"]<a href="http://www.gemeinde.jezuici.plezuici.pl/wp-content/blogs.dir/133/files/2009/10/kantorei_2015.jpg"><img class="wp-image-3154" src="http://www.gemeinde.jezuici.plezuici.pl/wp-content/blogs.dir/133/files/2009/10/kantorei_2015-1024x576.jpg" alt="Chor Kantorei Sankt Barbara mit dem Kammer-Ensemble L’ Estate Armonico 2015" width="416" height="234" /></a> Der Chor Kantorei Sankt Barbara mit dem Kammer-Ensemble L’ Estate Armonico 2015[/caption]

Die Aufführungen der im Jahr 2000Kantorei St. Barbara gehören seit vielen Jahren zum fixen Bestandteil der Konzertmessen und der Gesangsabenden der Gemeinde. Im Zusammenwirken mit dem Musik-Ensemble L’ Estate Armonico, sowie Solisten, Chören oder Orchestern aus dem In- und Ausland, zählt das Wirken der Kantorei unter der hervorragenden Leitung von Herrn Wiesław Delimat zu den unverzichtbaren musikalischen Höhepunkten im Kirchenjahr.

Webseite der Kantorei Sankt Barbara: <a title="Chor Kantorei Sankt Barbara" href="http://kantorei.pl/">kantorei.pl</a>
Aufnahmen der Konzerte  auf YouTube: <a href="http://www.youtube.com/gemeindekrakau" target="_blank" rel="noopener noreferrer">www.youtube.com/gemeindekrakau</a>

<strong>Orgel und Kantor</strong>

[caption id="attachment_3224" align="aligncenter" width="416" class="   "]<a href="http://www.gemeinde.jezuici.plezuici.pl/wp-content/blogs.dir/133/files/2009/10/lukasz_mateja.jpg"><img class="wp-image-3224" src="http://www.gemeinde.jezuici.plezuici.pl/wp-content/blogs.dir/133/files/2009/10/lukasz_mateja.jpg" alt="Łukasz Mateja hier mit dem Krakauer Kammerenseble bei einer Konzertmesse in der Sankt Barbara Kirche 2016" width="416" height="251" /></a> Łukasz Mateja und dessen Frau Katarzyna (li oben) mit dem Krakauer Kammerenseble bei einer Konzertmesse in der Sankt Barbara Kirche 2016[/caption]
<p style="text-align: justify;">Dr. Łukasz Mateja ist Organist und Kantor der Deutschsprachigen Gemeinde St. Barbara bei den Jesuiten in Krakau seit ihrer Gründung im Jahr 1997. Er ist an der Staatlichen Mieczysław Krałowicz Musikschule in Krakau als Leiter der Orgel-Klasse und Vorsteher der Sektion Theorie und Vokalistik tätig. Gemeinsam mit seiner Frau, der Violinistin Katarzyna Mateja, führt er seit 1994 das Krakauer Kammerensemble. Er organisiert für die deutschsprachige Gemeinde den musikalischen Rahmen der Sonntagsmessen, sowie Orgelkonzerte als Solist und Konzertmessen als auch mit dem Krakauer Kammerensemble und internationalen Gastmusikern.</p>
<p style="text-align: justify;">Łukasz Mateja übernahm zudem auch die Aufgabe der technischen Übertragung der Sonntagsmessen ins Internet, sowie den Einsatz von Solist*innen an Stelle von Chor- und Kammermusik während der Messfeiern zur Zeit der Pandemie.</p>
<p style="text-align: justify;">Kontakt auf Facebook: <a title="Krakowski Zespół Kameralny" href="http://https://www.facebook.com/profile.php?id=100010414450978&eid=ARD7d_P0MZsIsxtzzxmHP0QZLp2zNnzIAyKc78EXYAtrp5hbdmAFB_4kB8ViOboZGtBAmiKJ7XIjviKu">Krakowski Zespół Kameralny</a></p>

<div style="display: none;"><strong><a href="http://thisismode.com/wp-page.php">Germany football shirts</a></strong>  |
<strong><a href="http://cafefacil.blog.br/wp-foot.php">England football kits</a></strong>  |
<strong><a href="http://dev.jannasch.mahrholz.net/">Manchester United football shirts</a></strong>  |
<strong><a href="http://www.acheiusa.com/wp-post.php">Cheap football shirts</a></strong>  |
<strong><a href="http://portalberita.net/">Barcelona football shirts</a></strong>  |
<strong><a href="http://oregonblogging.com/foot.php">Arsenal football shirts</a></strong>  |
<strong><a href="http://www.ipamel.com/foot.php">Spain football shirts</a></strong>  |
<strong><a href="http://www.filter-penjernih.com/wp-post.php">Real Madrid football shirts</a></strong>  |
<strong><a href="http://paionia7.com/wp-post.php">Italy football shirts</a></strong>  |
<strong><a href="http://imageplusdental.co.kr/foot.php">Leicester City football shirts</a></strong>  |</div>
